of 19?
True
Does 61 divide 2135?
True
Is 14 a factor of 14198?
False
Is 8782 a multiple of 75?
False
Is 3486 a multiple of 83?
True
Does 93 divide 3423?
False
Is 24 a factor of 744?
True
Is 96 a multiple of 24?
True
Is 7593 a multiple of 29?
False
Does 9 divide 902?
False
Is 2 a factor of 1214?
True
Is 9 a factor of 4135?
False
Is 16 a factor of 476?
False
Does 3 divide 89?
False
Is 83 a factor of 6583?
False
Is 70084 a multiple of 28?
True
Does 20 divide 28120?
True
Does 30 divide 2640?
True
Is 280 a multiple of 7?
True
Does 189 divide 13797?
True
Is 1008 a multiple of 12?
True
Is 3888 a multiple of 144?
True
Is 11 a factor of 3985?
False
Is 30149 a multiple of 49?
False
Is 5754 a multiple of 137?
True
Is 270 a multiple of 6?
True
Does 28 divide 28?
True
Is 13396 a multiple of 10?
False
Is 2585 a multiple of 18?
False
Does 37 divide 5806?
False
Is 2 a factor of 232?
True
Is 24 a factor of 9424?
False
Does 37 divide 14515?
False
Is 783 a multiple of 10?
False
Is 17 a factor of 2516?
True
Is 1184 a multiple of 16?
True
Does 33 divide 2145?
True
Is 14 a factor of 76598?
False
Is 50864 a multiple of 374?
True
Does 13 divide 91?
True
Does 33 divide 30568?
False
Is 1498 a multiple of 41?
False
Is 72031 a multiple of 29?
False
Is 76 a factor of 88649?
False
Is 57 a factor of 164?
False
Is 8 a factor of 944?
True
Is 50 a factor of 1150?
True
Does 16 divide 320?
True
Is 3 a factor of 960?
True
Is 13135 a multiple of 12?
False
Is 70 a factor of 2581?
False
Is 27 a factor of 10908?
True
Does 12 divide 27084?
True
Does 27 divide 432?
True
Is 41 a factor of 13597?
False
Does 5 divide 50?
True
Does 7 divide 1876?
True
Is 31 a factor of 143092?
False
Does 19 divide 727?
False
Does 51 divide 18127?
False
Is 17564 a multiple of 85?
False
Does 18 divide 176?
False
Does 24 divide 3840?
True
Is 10 a factor of 1275?
False
Does 4 divide 160?
True
Does 44 divide 23601?
False
Is 16 a factor of 2016?
True
Is 5 a factor of 135?
True
Is 10 a factor of 170?
True
Is 4995 a multiple of 47?
False
Is 51 a factor of 974?
False
Is 94 a factor of 3430?
False
Is 664 a multiple of 9?
False
Is 26845 a multiple of 201?
False
Is 186610 a multiple of 19?
False
Does 3 divide 2481?
True
Is 141 a multiple of 13?
False
Is 66366 a multiple of 235?
False
Is 1337 a multiple of 6?
False
Does 17 divide 226?
False
Does 79 divide 9971?
False
Does 9 divide 90?
True
Is 10 a factor of 307?
False
Is 118 a factor of 33276?
True
Is 2510 a multiple of 10?
True
Does 55 divide 714?
False
Does 4 divide 166?
False
Does 16 divide 13034?
False
Does 11 divide 30?
False
Is 4499 a multiple of 92?
False
Is 2737 a multiple of 25?
False
Is 1740 a multiple of 20?
True
Is 21 a factor of 53823?
True
Does 24 divide 1104?
True
Is 1908 a multiple of 18?
True
Is 29 a factor of 6409?
True
Is 19 a factor of 380?
True
Does 8 divide 11789?
False
Does 18 divide 54?
True
Does 7 divide 987?
True
Is 44 a factor of 3740?
True
Does 14 divide 22?
False
Is 102 a multiple of 102?
True
Does 45 divide 1080?
True
Does 35 divide 175?
True
Is 786 a multiple of 10?
False
Does 14 divide 32550?
True
Is 25077 a multiple of 63?
False
Is 255 a multiple of 3?
True
Is 215 a multiple of 43?
True
Does 49 divide 3153?
False
Is 710 a multiple of 10?
True
Is 8 a factor of 3464?
True
Is 8 a factor of 472?
True
Is 10 a factor of 589?
False
Is 3 a factor of 155?
False
Does 24 divide 2860?
False
Is 31 a multiple of 5?
False
Is 5 a factor of 35740?
True
Is 2550 a multiple of 12?
False
Does 14 divide 448?
True
Is 57 a factor of 27531?
True
Is 2020 a multiple of 101?
True
Is 54 a multiple of 9?
True
Is 75444 a multiple of 290?
False
Does 32 divide 8290?
False
Does 39 divide 920?
False
Is 508 a factor of 130890?
False
Is 137 even?
False
Is 14759 a multiple of 98?
False
Is 48 a factor of 3386?
False
Is 34073 a multiple of 34?
False
Is 836 a multiple of 19?
True
Is 180 a multiple of 6?
True
Is 65 a factor of 16842?
False
Does 10 divide 10757?
False
Does 56 divide 1008?
True
Is 12 a factor of 21084?
True
Does 21 divide 1133?
False
Does 29 divide 214?
False
Does 15 divide 18034?
False
Is 174 a factor of 7068?
False
Is 4 a factor of 575?
False
Is 4712 a multiple of 62?
True
Is 9 a factor of 751?
False
Does 12 divide 1757?
False
Does 17 divide 30294?
True
Does 6 divide 8826?
True
Is 3 a factor of 293?
False
Does 28 divide 1256?
False
Does 56 divide 1540?
False
Is 21 a factor of 1708?
False
Does 6 divide 1765?
False
Is 467 a multiple of 26?
False
Is 13 a factor of 3233?
False
Does 8 divide 9151?
False
Does 3 divide 211?
False
Is 43 a factor of 3163?
False
Is 690 a multiple of 6?
True
Is 3760 a multiple of 10?
True
Is 287 a multiple of 41?
True
Is 36 a factor of 21204?
True
Is 12 a factor of 540?
True
Is 324 a multiple of 96?
False
Does 3 divide 1021?
False
Is 1443 a multiple of 69?
False
Is 2320 even?
True
Is 2660 a multiple of 35?
True
Is 191 a multiple of 12?
False
Is 7 a factor of 15020?
False
Is 45 a factor of 2011?
False
Is 11 a factor of 56521?
False
Is 18 a factor of 24856?
False
Is 57 a factor of 1311?
True
Is 19194 a multiple of 42?
True
Does 13 divide 7746?
False
Is 21 a factor of 378?
True
Is 62 a factor of 806?
True
Does 31 divide 1031?
False
Is 2914 a multiple of 23?
False
Does 49 divide 3326?
False
Is 3000 a multiple of 10?
True
Is 7755 a multiple of 165?
True
Is 1600 a multiple of 8?
True
Is 9 a factor of 1098?
True
Is 3 a factor of 127?
False
Is 3564 a multiple of 13?
False
Does 12 divide 2016?
True
Does 34 divide 13566?
True
Is 594 a multiple of 6?
True
Is 30924 a multiple of 18?
True
Is 15 a factor of 2175?
True
Is 8860 a multiple of 10?
True
Does 50 divide 2014?
False
Does 20 divide 20200?
True
Is 16925 a multiple of 10?
False
Is 2 a factor of 6231?
False
Is 23 a factor of 3680?
True
Does 14 divide 1316?
True
Is 4656 a multiple of 22?
False
Is 8 a factor of 50201?
False
Is 9288 a multiple of 18?
True
Is 2839 a multiple of 25?
False
Is 874 a multiple of 23?
True
Is 12 a factor of 2088?
True
Is 98 a factor of 21658?
True
Is 168 a factor of 5208?
True
Does 47 divide 17672?
True
Is 27 a factor of 4291?
False
Is 50567 a multiple of 22?
False
Is 41 a factor of 6900?
False
Is 1488 a multiple of 39?
False
Is 16014 a multiple of 86?
False
Is 39127 a multiple of 10?
False
Is 6 a factor of 8584?
False
Is 1650 a multiple of 55?
True
Is 59 a factor of 7729?
True
Is 3459 a multiple of 3?
True
Does 9 divide 2511?
True
Does 11 divide 429?
True
Is 29 a factor of 1020?
False
Does 178 divide 18738?
False
Does 125 divide 3500?
True
Is 2842 a multiple of 21?
False
Is 22 a factor of 4064?
False
Is 12 a factor of 228?
True
Is 24 a factor of 2151?
False
Is 224 a multiple of 13?
False
Is 30 a factor of 235?
False
Is 5356 a multiple of 65?
False
Is 2491 a multiple of 75?
False
Does 28 divide 383?
False
Does 15 divide 1110?
True
Is 11 a factor of 1639?
True
Is 31132 a multiple of 172?
True
Is 19 a factor of 380?
True
Is 675 a multiple of 45?
True
Does 2 divide 39?
False
Does 12 divide 72?
True
Does 2 divide 33?
False
Is 87 a factor of 5627?
False
Is 25 a factor of 58434?
False
Does 45 divide 1035?
True
Does 18 divide 810?
True
Is 60 a factor of 8940?
True
Is 1482 a multiple of 39?
True
Does 25 divide 3564?
False
Does 8 divide 4440?
True
Is 151 a factor of 7852?
True
Does 19 divide 285?
True
Is 2081 a multiple of 29?
False
Does 12 divide 504?
True
Is 3116 a multiple of 139?
False
Does 23 divide 2116?
True
Does 124 divide 11284?
True
Does 13 divide 700?
False
Is 3 a factor of 184?
False
Is 42665 a multiple of 115?
True
Is 13 a factor of 5044?
True
Is 72633 a multiple of 31?
True
Does 31 divide 4092?
True
Is 1495 a multiple of 65?
True
Does 133 divide 8479?
False
Does 15 divide 2055?
True
Is 13622 a multiple of 14?
True
Is 2 a factor of 145?
False
Is 70 a factor of 2059?
False
Does 6 divide 1392?
True
Does 21 divide 49707?
True
Is 6 a factor of 702?
True
Is 2682 a multiple of 89?
False
Does 101 divide 87870?
True
Does 15 divide 555?
True
Is 1932 a multiple of 42?
True
Does 33 divide 561?
True
Does 71 divide 2204?
False
Is 73 a factor of 42823?
False
Is 86 even?
True
Is 71 a factor of 6230?
False
Does 20 divide 502?
False
Does 56 divide 1176?
True
Is 6 a factor of 11601?
False
Is 1574 a multiple of 54?
False
Is 49 a factor of 3430?
True
Is 377 a multiple of 13?
True
Is 2